{"id":2739,"date":"2024-09-23T08:48:10","date_gmt":"2024-09-23T06:48:10","guid":{"rendered":"https:\/\/provocc.gardrhodanien.fr\/?page_id=2739"},"modified":"2024-09-26T09:35:16","modified_gmt":"2024-09-26T07:35:16","slug":"mentions-legales","status":"publish","type":"page","link":"https:\/\/provocc.gardrhodanien.fr\/?page_id=2739","title":{"rendered":"Mentions l\u00e9gales"},"content":{"rendered":"\n<h2 class=\"wp-block-heading\">Qui sommes-nous&nbsp;?<\/h2>\n\n\n\n<p>L\u2019adresse de notre site est&nbsp;: https:\/\/provocc.gardrhodanien.fr.<\/p>\n\n\n\n<h2 class=\"wp-block-heading\">\u00c9diteur<\/h2>\n\n\n\n<p>COMMUNAUT\u00c9 D\u2019AGGLOM\u00c9RATION DU GARD RHODANIEN<br>1717 ROUTE D\u2019AVIGNON<br>30200 BAGNOLS-SUR-CEZE<\/p>\n\n\n\n<p>Siret : 20003469200018<\/p>\n\n\n\n<p>Nous contacter par mail via le formulaire contact<\/p>\n\n\n\n<p>T\u00e9l : 04 66 79 01 02<\/p>\n\n\n\n<p><strong>Directeur de la publication :<\/strong><br>M. le Pr\u00e9sident du COMMUNAUT\u00c9 D\u2019AGGLOM\u00c9RATION DU GARD RHODANIEN.<\/p>\n\n\n\n<p><strong>Co-Directeur de la publication :<\/strong><br>M. le Directeur du service de la communication.<\/p>\n\n\n\n<h2 class=\"wp-block-heading\">H\u00e9bergeur<\/h2>\n\n\n\n<p>OVH \u2013 France<\/p>\n\n\n\n<p>COMMUNAUT\u00c9 D\u2019AGGLOM\u00c9RATION DU GARD RHODANIEN<br>1717 ROUTE D\u2019AVIGNON<br>30200 BAGNOLS-SUR-CEZE<\/p>\n\n\n\n<h2 class=\"wp-block-heading\">Engagements et responsabilit\u00e9<\/h2>\n\n\n\n<p>Commission Nationale Informatique et Libert\u00e9s (CNIL)<\/p>\n\n\n\n<p>Le pr\u00e9sent site a fait l\u2019objet d\u2019une d\u00e9claration \u00e0 la CNIL, conform\u00e9ment \u00e0 la Loi N\u00b0 78-17 du 6 janvier 1978 relative \u00e0 l\u2019informatique, aux fichiers et aux libert\u00e9s.<\/p>\n\n\n\n<h2 class=\"wp-block-heading\">Droit d\u2019acc\u00e8s au fichier informatis\u00e9<\/h2>\n\n\n\n<p>Tout utilisateur ayant d\u00e9pos\u00e9 via ce site Internet, des informations directement ou indirectement nominatives, peut demander la communication des informations nominatives le concernant \u00e0 l\u2019administrateur du service et les faire rectifier le cas \u00e9ch\u00e9ant, conform\u00e9ment \u00e0 la loi fran\u00e7aise n\u00b078-17 du 6 janvier 1978 relative \u00e0 l\u2019informatique, aux fichiers et aux libert\u00e9s, en en faisant la demande par mail ou par courrier.<\/p>\n\n\n\n<h2 class=\"wp-block-heading\">Informations mises \u00e0 disposition<\/h2>\n\n\n\n<p>Les informations et communiqu\u00e9s publi\u00e9s dans ce service sont non contractuels et les documents qui font foi, au plan juridique, sont ceux qui ont fait l\u2019objet d\u2019annonces l\u00e9gales et\/ou du visa des autorit\u00e9s de place.<\/p>\n\n\n\n<p>Le contenu mis \u00e0 disposition sur le pr\u00e9sent site est fourni \u00e0 titre informatif. L\u2019existence d\u2019un lien du site du Gard rhodanien vers un autre site ne constitue pas une validation de ce site ou de son contenu. Il appartient \u00e0 l\u2019internaute d\u2019utiliser ces informations avec discernement et esprit critique. La responsabilit\u00e9 de l\u2019\u00e9diteur ne saurait \u00eatre engag\u00e9e quant aux informations, opinions et recommandations formul\u00e9es par ces tiers.<\/p>\n\n\n\n<h2 class=\"wp-block-heading\">Cr\u00e9dits photos<\/h2>\n\n\n\n<p>Agglom\u00e9ration du Gard rhodanien, Office de Tourisme Provence Occitane, Bagnols Plage, Pr\u00e9pare ta valise, Gilles Guilbert, Anne Trevet, Eddy Termini, Adeline Justamon, Emmanuel Chandelier, JL. Jeannin, LNB Studio, Freepik, Centre Hospitalier de Bagnols-sur-C\u00e8ze, Romain Dancre, Studio Filmiz, Voix Off Communication, DR.<\/p>\n\n\n\n<h2 class=\"wp-block-heading\">Licence de droit d\u2019usage et copyright<\/h2>\n\n\n\n<p>L\u2019ensemble de ce site rel\u00e8ve de la l\u00e9gislation fran\u00e7aise et internationale sur le droit d\u2019auteur et de la propri\u00e9t\u00e9 intellectuelle, aussi bien en ce qui concerne sa forme (choix du plan, disposition des mati\u00e8res, moyens d\u2019acc\u00e8s aux donn\u00e9es, organisation des donn\u00e9es\u2026), qu\u2019en ce qui concerne chacun des \u00e9l\u00e9ments de son contenu (textes, images, etc\u2026).<\/p>\n\n\n\n<p>Toutes les reproductions, de tout ou partie de ce site, y compris pour les documents t\u00e9l\u00e9chargeables et les repr\u00e9sentations iconographiques et photographiques sont formellement interdites sauf autorisation expresse du responsable du site. L\u2019atteinte \u00e0 l\u2019un quelconque de ses droits est constitutif du d\u00e9lit p\u00e9nal de contrefa\u00e7on (art. L 335-1 \u00e0 335-10 du Code de la propri\u00e9t\u00e9 intellectuelle) et passible d\u2019une peine d\u2019emprisonnement de deux ans et de 150 000 euros d\u2019amende.<\/p>\n","protected":false},"excerpt":{"rendered":"<p>Qui sommes-nous&nbsp;? L\u2019adresse de notre site est&nbsp;: https:\/\/provocc.gardrhodanien.fr. \u00c9diteur COMMUNAUT\u00c9 D\u2019AGGLOM\u00c9RATION DU GARD RHODANIEN1717 ROUTE D\u2019AVIGNON30200 BAGNOLS-SUR-CEZE Siret : 20003469200018 Nous contacter par mail via le formulaire contact T\u00e9l : 04 66 79 01 02 Directeur de la publication :M. le Pr\u00e9sident du COMMUNAUT\u00c9 D\u2019AGGLOM\u00c9RATION DU GARD RHODANIEN. Co-Directeur de la publication :M. le Directeur &hellip;<\/p>\n<p class=\"read-more\"> <a class=\"\" href=\"https:\/\/provocc.gardrhodanien.fr\/?page_id=2739\"> <span class=\"screen-reader-text\">Mentions l\u00e9gales<\/span> Lire la suite \u00bb<\/a><\/p>\n","protected":false},"author":1,"featured_media":0,"parent":0,"menu_order":0,"comment_status":"closed","ping_status":"closed","template":"","meta":{"site-sidebar-layout":"default","site-content-layout":"","ast-site-content-layout":"","site-content-style":"default","site-sidebar-style":"default","ast-global-header-display":"","ast-banner-title-visibility":"","ast-main-header-display":"","ast-hfb-above-header-display":"","ast-hfb-below-header-display":"","ast-hfb-mobile-header-display":"","site-post-title":"","ast-breadcrumbs-content":"","ast-featured-img":"","footer-sml-layout":"","theme-transparent-header-meta":"","adv-header-id-meta":"","stick-header-meta":"","header-above-stick-meta":"","header-main-stick-meta":"","header-below-stick-meta":"","astra-migrate-meta-layouts":"","ast-page-background-enabled":"default","ast-page-background-meta":{"desktop":{"background-color":"var(--ast-global-color-4)","background-image":"","background-repeat":"repeat","background-position":"center center","background-size":"auto","background-attachment":"scroll","background-type":"","background-media":"","overlay-type":"","overlay-color":"","overlay-gradient":""},"tablet":{"background-color":"","background-image":"","background-repeat":"repeat","background-position":"center center","background-size":"auto","background-attachment":"scroll","background-type":"","background-media":"","overlay-type":"","overlay-color":"","overlay-gradient":""},"mobile":{"background-color":"","background-image":"","background-repeat":"repeat","background-position":"center center","background-size":"auto","background-attachment":"scroll","background-type":"","background-media":"","overlay-type":"","overlay-color":"","overlay-gradient":""}},"ast-content-background-meta":{"desktop":{"background-color":"var(--ast-global-color-5)","background-image":"","background-repeat":"repeat","background-position":"center center","background-size":"auto","background-attachment":"scroll","background-type":"","background-media":"","overlay-type":"","overlay-color":"","overlay-gradient":""},"tablet":{"background-color":"var(--ast-global-color-5)","background-image":"","background-repeat":"repeat","background-position":"center center","background-size":"auto","background-attachment":"scroll","background-type":"","background-media":"","overlay-type":"","overlay-color":"","overlay-gradient":""},"mobile":{"background-color":"var(--ast-global-color-5)","background-image":"","background-repeat":"repeat","background-position":"center center","background-size":"auto","background-attachment":"scroll","background-type":"","background-media":"","overlay-type":"","overlay-color":"","overlay-gradient":""}},"footnotes":""},"class_list":["post-2739","page","type-page","status-publish","hentry"],"_links":{"self":[{"href":"https:\/\/provocc.gardrhodanien.fr\/index.php?rest_route=\/wp\/v2\/pages\/2739","targetHints":{"allow":["GET"]}}],"collection":[{"href":"https:\/\/provocc.gardrhodanien.fr\/index.php?rest_route=\/wp\/v2\/pages"}],"about":[{"href":"https:\/\/provocc.gardrhodanien.fr\/index.php?rest_route=\/wp\/v2\/types\/page"}],"author":[{"embeddable":true,"href":"https:\/\/provocc.gardrhodanien.fr\/index.php?rest_route=\/wp\/v2\/users\/1"}],"replies":[{"embeddable":true,"href":"https:\/\/provocc.gardrhodanien.fr\/index.php?rest_route=%2Fwp%2Fv2%2Fcomments&post=2739"}],"version-history":[{"count":0,"href":"https:\/\/provocc.gardrhodanien.fr\/index.php?rest_route=\/wp\/v2\/pages\/2739\/revisions"}],"wp:attachment":[{"href":"https:\/\/provocc.gardrhodanien.fr\/index.php?rest_route=%2Fwp%2Fv2%2Fmedia&parent=2739"}],"curies":[{"name":"wp","href":"https:\/\/api.w.org\/{rel}","templated":true}]}}

Mentions légales

<h2 class="wp-block-heading">Qui sommes-nous&nbsp;?</h2>



<p>L’adresse de notre site est&nbsp;: https://provocc.gardrhodanien.fr.</p>



<h2 class="wp-block-heading">Éditeur</h2>



<p>COMMUNAUTÉ D’AGGLOMÉRATION DU GARD RHODANIEN<br>1717 ROUTE D’AVIGNON<br>30200 BAGNOLS-SUR-CEZE</p>



<p>Siret : 20003469200018</p>



<p>Nous contacter par mail via le formulaire contact</p>



<p>Tél : 04 66 79 01 02</p>



<p><strong>Directeur de la publication :</strong><br>M. le Président du COMMUNAUTÉ D’AGGLOMÉRATION DU GARD RHODANIEN.</p>



<p><strong>Co-Directeur de la publication :</strong><br>M. le Directeur du service de la communication.</p>



<h2 class="wp-block-heading">Hébergeur</h2>



<p>OVH – France</p>



<p>COMMUNAUTÉ D’AGGLOMÉRATION DU GARD RHODANIEN<br>1717 ROUTE D’AVIGNON<br>30200 BAGNOLS-SUR-CEZE</p>



<h2 class="wp-block-heading">Engagements et responsabilité</h2>



<p>Commission Nationale Informatique et Libertés (CNIL)</p>



<p>Le présent site a fait l’objet d’une déclaration à la CNIL, conformément à la Loi N° 78-17 du 6 janvier 1978 relative à l’informatique, aux fichiers et aux libertés.</p>



<h2 class="wp-block-heading">Droit d’accès au fichier informatisé</h2>



<p>Tout utilisateur ayant déposé via ce site Internet, des informations directement ou indirectement nominatives, peut demander la communication des informations nominatives le concernant à l’administrateur du service et les faire rectifier le cas échéant, conformément à la loi française n°78-17 du 6 janvier 1978 relative à l’informatique, aux fichiers et aux libertés, en en faisant la demande par mail ou par courrier.</p>



<h2 class="wp-block-heading">Informations mises à disposition</h2>



<p>Les informations et communiqués publiés dans ce service sont non contractuels et les documents qui font foi, au plan juridique, sont ceux qui ont fait l’objet d’annonces légales et/ou du visa des autorités de place.</p>



<p>Le contenu mis à disposition sur le présent site est fourni à titre informatif. L’existence d’un lien du site du Gard rhodanien vers un autre site ne constitue pas une validation de ce site ou de son contenu. Il appartient à l’internaute d’utiliser ces informations avec discernement et esprit critique. La responsabilité de l’éditeur ne saurait être engagée quant aux informations, opinions et recommandations formulées par ces tiers.</p>



<h2 class="wp-block-heading">Crédits photos</h2>



<p>Agglomération du Gard rhodanien, Office de Tourisme Provence Occitane, Bagnols Plage, Prépare ta valise, Gilles Guilbert, Anne Trevet, Eddy Termini, Adeline Justamon, Emmanuel Chandelier, JL. Jeannin, LNB Studio, Freepik, Centre Hospitalier de Bagnols-sur-Cèze, Romain Dancre, Studio Filmiz, Voix Off Communication, DR.</p>



<h2 class="wp-block-heading">Licence de droit d’usage et copyright</h2>



<p>L’ensemble de ce site relève de la législation française et internationale sur le droit d’auteur et de la propriété intellectuelle, aussi bien en ce qui concerne sa forme (choix du plan, disposition des matières, moyens d’accès aux données, organisation des données…), qu’en ce qui concerne chacun des éléments de son contenu (textes, images, etc…).</p>



<p>Toutes les reproductions, de tout ou partie de ce site, y compris pour les documents téléchargeables et les représentations iconographiques et photographiques sont formellement interdites sauf autorisation expresse du responsable du site. L’atteinte à l’un quelconque de ses droits est constitutif du délit pénal de contrefaçon (art. L 335-1 à 335-10 du Code de la propriété intellectuelle) et passible d’une peine d’emprisonnement de deux ans et de 150 000 euros d’amende.</p>

<p>Qui sommes-nous&nbsp;? L’adresse de notre site est&nbsp;: https://provocc.gardrhodanien.fr. Éditeur COMMUNAUTÉ D’AGGLOMÉRATION DU GARD RHODANIEN1717 ROUTE D’AVIGNON30200 BAGNOLS-SUR-CEZE Siret : 20003469200018 Nous contacter par mail via le formulaire contact Tél : 04 66 79 01 02 Directeur de la publication :M. le Président du COMMUNAUTÉ D’AGGLOMÉRATION DU GARD RHODANIEN. Co-Directeur de la publication :M. le Directeur &hellip;</p>
<p class="read-more"> <a class="" href="https://provocc.gardrhodanien.fr/?page_id=2739"> <span class="screen-reader-text">Mentions légales</span> Lire la suite »</a></p>
